*2 + 4757*j + 75849. Calculate v(-16).
-7
Let j(h) = -19*h**3 - 2*h**2 - 498*h + 1481. What is j(3)?
-544
Let n(c) = c**2 + 2596*c - 689872. Determine n(243).
5
Let f(l) = -354*l - 30856. Give f(-87).
-58
Let y(s) = -12*s**2 + 46250*s - 138630. Determine y(3).
12
Let p(k) = -4*k**3 + 144*k**2 + 1292*k - 1437. Determine p(1).
-5
Let s(n) = n**3 - 2*n**2 - 108*n + 14166. What is s(-25)?
-9
Let z(c) = c**3 - 19*c**2 - 227*c + 3884. Give z(21).
-1
Let l(y) = -y**2 - 591*y - 687. Calculate l(0).
-687
Let b(l) = -l**3 - 19*l**2 + 1214*l + 9105. What is b(-7)?
19
Let t(l) = -l**2 + 1077*l - 89732. Calculate t(91).
-6
Let d(s) = 4840*s + 96823. Calculate d(-20).
23
Let q(v) = -15*v**2 - 60*v + 565. Calculate q(6).
-335
Let z(q) = 548*q - 14800. What is z(27)?
-4
Let c(k) = 2332*k - 18548. What is c(8)?
108
Let w(o) = o**3 - 21*o**2 + 140*o - 170. What is w(9)?
118
Let r(m) = -m**3 - 382*m**2 + 1189*m + 13106. Calculate r(-385).
16
Let t(p) = -p**2 + 193*p - 5759. Give t(37).
13
Let f(l) = -l**3 + 100*l**2 - 1366*l - 44. Determine f(84).
-1892
Let i(o) = -o**3 - 358*o**2 + 724*o + 1445. Give i(-360).
5
Let m(r) = -2*r**2 - 3327*r - 19856. What is m(-6)?
34
Let v(t) = -t**3 + 170*t**2 - 5014*t - 326. Determine v(132).
-62
Let c(u) = u**2 - 18783*u + 112708. Determine c(6).
46
Let r(b) = -19*b**2 - 2539*b - 59962. Determine r(-103).
-16
Let x(w) = w**3 - 12*w**2 - 395*w + 1277. What is x(3)?
11
Let c(j) = 4776*j + 195826. What is c(-41)?
10
Let v(f) = -f**3 - 182*f**2 - 783*f - 142502. Calculate v(-182).
4
Let h(t) = -5175*t + 151813. What is h(30)?
-3437
Let s(z) = -z**3 - 145*z**2 + 31796*z - 1068. Determine s(-265).
-8
Let a(o) = 20058*o - 160525. Calculate a(8).
-61
Let s(k) = k**2 + 163*k + 2125. What is s(-13)?
175
Let v(j) = -120*j + 6434. What is v(57)?
-406
Let r(l) = l**3 + 187*l**2 + 162*l + 30380. Give r(-187).
86
Let i(z) = z**2 + 18157*z - 545671. Determine i(30).
-61
Let v(t) = -2129*t - 6376. Determine v(-3).
11
Let g(k) = k**2 - 11243*k + 9053008. Calculate g(873).
-2
Let m(f) = -f**2 - 58407*f - 13322760. Give m(-229).
2
Let p(o) = -1715889*o + 6863560. Calculate p(4).
4
Let u(k) = k**3 - 38*k**2 - 177*k - 346. What is u(42)?
-724
Let o(i) = -2916*i - 64270. Calculate o(-22).
-118
Let q(n) = n**2 + 11*n - 29901. Determine q(-179).
171
Let w(n) = -9*n**2 + 1507*n - 13290. Determine w(9).
-456
Let g(v) = 23070*v + 922860. Calculate g(-40).
60
Let c(u) = -u**2 + 33391*u - 400564. Give c(12).
-16
Let l(g) = 2371*g - 566105. Give l(239).
564
Let r(h) = -594*h - 13004. Determine r(-21).
-530
Let f(t) = -38*t**2 + 132*t - 263. Calculate f(2).
-151
Let z(h) = 30*h**2 - 4660*h + 32557. Determine z(148).
-3
Let f(q) = -q**3 - 8*q**2 + 43*q + 351. Give f(-6).
21
Let h(j) = 79076*j + 1502397. Determine h(-19).
-47
Let m(j) = -j**2 + 3411*j - 37404. Determine m(11).
-4
Let b(n) = -37*n**3 - 530*n**2 - 163*n + 21. Determine b(-14).
-49
Let p(m) = -m**2 - 1031*m + 209514. Calculate p(174).
-156
Let c(t) = -16*t**2 - 96*t - 93. Calculate c(-8).
-349
Let a(h) = 295*h - 20791. Give a(73).
744
Let v(c) = 5*c**2 + 264*c + 170. Determine v(-51).
-289
Let g(l) = -4*l**2 - 2329*l + 40159. Give g(-599).
26
Let z(l) = 2616*l - 65312. What is z(25)?
88
Let n(r) = r**3 + 52*r**2 + 275*r + 110. Determine n(-45).
1910
Let h(y) = 2*y**2 - 131*y + 488. Calculate h(51).
-991
Let h(a) = 82*a**2 + 66*a - 99. Determine h(2).
361
Let d(t) = -2*t**2 + 2981*t + 760432. Calculate d(-222).
82
Let k(v) = -v**3 + 22*v**2 + 535*v + 10001. Give k(41).
-3
Let d(u) = 13*u**2 - 667*u - 23504. Give d(-24).
-8
Let a(n) = -2*n**3 - n**2 - 70*n + 441. What is a(7)?
-784
Let f(h) = -2166*h + 8595. Give f(4).
-69
Let n(o) = 140177*o - 1121515. Calculate n(8).
-99
Let n(v) = -1568*v - 83216. What is n(-53)?
-112
Let n(p) = -p**3 + 114*p**2 - 100*p + 120. What is n(113)?
1589
Let y(i) = -138*i**2 - 49909*i + 17016. What is y(-362)?
2
Let c(w) = -w**3 - 51*w**2 - 455*w - 52. Calculate c(-40).
548
Let z(a) = a**2 + 436357*a + 1745417. Give z(-4).
5
Let q(o) = -263*o - 961. Calculate q(-4).
91
Let m(t) = 4*t**3 + 1437*t**2 + 336*t - 8278. What is m(-359)?
-21
Let u(f) = 230*f - 45918. Determine u(201).
312
Let q(z) = 2*z**3 - 315*z**2 + 519*z - 56839. What is q(157)?
-5
Let w(o) = 24*o**2 + 515*o - 192. What is w(-23)?
659
Let k(u) = -370*u - 47172. What is k(-125)?
-922
Let n(y) = -17*y**2 + 44*y - 338. Calculate n(6).
-686
Let f(o) = -929*o + 479383. What is f(516)?
19
Let m(i) = -3597*i - 10677. What is m(-3)?
114
Let v(j) = 610*j**2 + 1830*j + 1. Calculate v(-3).
1
Let i(w) = -65*w**2 - 292*w - 1. What is i(-4)?
127
Let d(w) = 108*w**2 - 209*w - 521. Determine d(4).
371
Let b(k) = 7*k**2 + 730*k + 3659. Determine b(-99).
-4
Let r(l) = 568331*l - 20459922. What is r(36)?
-6
Let j(a) = -28*a**3 - 5*a**2 - 45*a - 125. Give j(-3).
721
Let t(u) = 3*u**2 - 488*u + 4141. What is t(9)?
-8
Let f(u) = -42*u**2 + 105*u - 38. Determine f(4).
-290
Let j(o) = 1838*o - 470628. What is j(256)?
-100
Let u(m) = -53*m**3 + m**2 - 41*m + 90. Determine u(2).
-412
Let f(n) = -105*n**2 - 485*n + 2831. Calculate f(-8).
-9
Let j(f) = 2*f**3 + 39*f**2 - 240*f - 5006. Give j(-19).
-85
Let z(b) = -246*b**2 + 1760*b - 293. Determine z(7).
-27
Let w(n) = 3*n**3 + 28*n**2 - 105*n - 83. Give w(-12).
25
Let c(q) = 6*q**3 + 40*q**2 + 26*q + 87. Give c(-6).
75
Let o(p) = 22*p**2 + 11822*p + 16075. Give o(-536).
-5
Let l(t) = -3*t**2 - 16049*t - 1311393. Determine l(-83).
7
Let u(m) = -167*m**2 + 56610*m + 1148. What is u(339)?
131
Let u(d) = d**3 - 62*d**2 - 66*d - 3323. Determine u(64).
645
Let h(q) = 4*q**2 + 107*q - 4313. What is h(-49)?
48
Let w(f) = 7681*f + 53831. Give w(-7).
64
Let s(q) = q**3 - 91*q**2 + 1466*q + 314. Give s(70).
34
Let p(a) = 3*a**3 - 226*a**2 + 243*a + 3905. Determine p(74).
-17
Let a(g) = -g**3 + 16*g**2 + 308*g - 86. Calculate a(27).
211
Let p(m) = -394*m - 8192. Give p(-28).
2840
Let w(g) = 3429*g - 89148. Determine w(26).
6
Let v(a) = -587*a - 42331. What is v(-72)?
-67
Let g(c) = c**2 + 736*c - 181570. Give g(195).
-25
Let h(r) = r**3 - 25*r**2 + 257*r - 824. Calculate h(6).
34
Let o(w) = -7*w**3 - 3127*w**2 - 5335*w + 2235. What is o(-445)?
10
Let s(c) = -c**3 + 30*c**2 + 351*c - 941. Calculate s(39).
-941
Let a(z) = 1044*z**3 - 64*z**2 + 41*z + 23. Give a(1).
1044
Let d(q) = 4*q**2 - 19358*q + 212456. Give d(11).
2
Let h(c) = -12246*c - 208208. Determine h(-17).
-26
Let n(m) = -23692*m - 118470. Determine n(-5).
-10
Let a(z) = -3*z**3 + 3616*z**2 + 2446*z - 40998. Calculate a(1206).
6
Let m(b) = 134*b**2 - 67*b + 84. Determine m(-4).
2496
Let g(t) = -t**3 - 19*t**2 + 162*t + 19. Determine g(6).
91
Let y(x) = 1368*x + 12497. Give y(-9).
185
Let i(a) = -2*a**2 + 186*a + 1067. Give i(-6).
-121
Let k(a) = -115*a - 4051. Calculate k(-35).
-26
Let c(v) = 13993*v + 14034977. What is c(-1003)?
-2
Let d(x) = 79*x - 334. What is d(3)?
-97
Let l(h) = -37*h**2 + 16147*h + 64579. Give l(-4).
-601
Let j(p) = -4*p**2 - 1751*p - 8619. Give j(-5).
36
Let y(t) = t**3 - 12*t**2 - 76*t + 468. Determine y(11).
-489
Let j(v) = -2332*v - 121265. Determine j(-52).
-1
Let m(s) = 149*s + 1287. What is m(-4)?
691
Let d(w) = -4593*w - 50509. What is d(-11)?
14
Let g(y) = -y**3 + 82*y**2 + 325*y - 501. Give g(-5).
49
Let g(l) = -2*l**3 + 39*l**2 - 2999*l + 49544. Determine g(17).
6
Let n(r) = -4*r**3 - 97*r**2 - 618*r - 2140. Calculate n(-17).
-15
Let s(n) = 10*n**2 - 350*n + 1479. Give s(5).
-21
Let c(t) = -2*t**3 + 260*t**2 + 507*t - 32240. What is c(131)?
-145
Let x(o) = -o**3 + 57*o**2 - 311*o - 13. Give x(50).
1937
Let i(w) = 236*w - 37744. Give i(160).
16
Let a(h) = -4083*h + 2066017. Determine a(506).
19
Let s(v) = -v**3 + 12*v**2 + 210*v + 206. What is s(22)?
-14
Let d(m) = -m**2 + 370*m + 265792. Determine d(-363).
-287
Let i(z) = z**3 + 76*z**2 + 1039*z - 314. What is i(-58)?
-24
Let w(s) = -10*s**2 - 945*s - 373. Determine w(-94).
97
Let t(j) = -7697*j + 5218537. Calculate t(678).
-29
Let a(g) = 16*g**2 + 44*g + 6. What is a(7)?
1098
Let a(c) = -5*c**2 + 266*c + 1165. Calculate a(57).
82
Let k(l) = 410*l + 58566. Give k(-142).
346
Let a(h) = 1254*h + 959224. Calculate a(-765).
-86
Let v(x) = -2*x**3 + 1179*x**2 + 4996*x + 207909. What is v(594)?
9
Let r(k) = -8*k**2 + 3032*k - 20829. What is r(7)?
3
Let